{"id":2715,"date":"2020-09-26T13:56:05","date_gmt":"2020-09-26T11:56:05","guid":{"rendered":"https:\/\/sunshinesl.com\/listing\/apartamento-tipo-01\/"},"modified":"2020-10-07T22:20:27","modified_gmt":"2020-10-07T20:20:27","slug":"apartamento-tipo-01","status":"publish","type":"listing","link":"https:\/\/sunshinesl.com\/fr\/listing\/apartamento-tipo-01\/","title":{"rendered":"Appartement de type 01"},"content":{"rendered":"<p>Nos appartements, dont certains offrent une vue sur la mer, se situent sur la\u00a0<strong>Costa Blanca<\/strong>\u00a0dans la r\u00e9gion de Benidorm, Cala Finestrat, Albir et Altea. La distance qui les s\u00e9pare de la plage est comprise entre 80 et 700 m\u00e8tres.<\/p>\n<p>Ils peuvent \u00eatre lou\u00e9s en toutes saisons, m\u00eame pour une longue p\u00e9riode hivernale. Tous nos appartements disposent d\u2019une piscine commune, certains sont \u00e9galement dot\u00e9s d\u2019un court de tennis ou de padel ou encore d\u2019un terrain de golf.<\/p>\n","protected":false},"excerpt":{"rendered":"<p>Nos appartements, dont certains offrent une vue sur la mer, se situent sur la\u00a0Costa Blanca\u00a0dans la r\u00e9gion de Benidorm, Cala Finestrat, Albir et Altea. La distance qui les s\u00e9pare de la plage est comprise entre 80 et 700 m\u00e8tres. Ils peuvent \u00eatre lou\u00e9s en toutes saisons, m\u00eame pour une longue p\u00e9riode hivernale. Tous nos appartements [&hellip;]<\/p>\n","protected":false},"author":1,"featured_media":2717,"parent":0,"menu_order":0,"template":"","listing_type":[78],"room_type":[],"amenities":[],"facilities":[],"listing_countries":[],"listing_states":[],"listing_cities":[],"listing_areas":[],"class_list":["post-2715","listing","type-listing","status-publish","has-post-thumbnail","hentry","listing_type-apartamento-fr"],"yoast_head":"<!-- This site is optimized with the Yoast SEO plugin v27.3 - https:\/\/yoast.com\/product\/yoast-seo-wordpress\/ -->\n<title>Appartement de type 01 - Sunshine<\/title>\n<meta name=\"robots\" content=\"index, follow, max-snippet:-1, max-image-preview:large, max-video-preview:-1\" \/>\n<link rel=\"canonical\" href=\"https:\/\/sunshinesl.com\/listing\/apartamento-tipo-1\/\" \/>\n<meta property=\"og:locale\" content=\"fr_FR\" \/>\n<meta property=\"og:type\" content=\"article\" \/>\n<meta property=\"og:title\" content=\"Appartement de type 01 - Sunshine\" \/>\n<meta property=\"og:description\" content=\"Nos appartements, dont certains offrent une vue sur la mer, se situent sur la\u00a0Costa Blanca\u00a0dans la r\u00e9gion de Benidorm, Cala Finestrat, Albir et Altea. La distance qui les s\u00e9pare de la plage est comprise entre 80 et 700 m\u00e8tres. Ils peuvent \u00eatre lou\u00e9s en toutes saisons, m\u00eame pour une longue p\u00e9riode hivernale. Tous nos appartements [&hellip;]\" \/>\n<meta property=\"og:url\" content=\"https:\/\/sunshinesl.com\/listing\/apartamento-tipo-1\/\" \/>\n<meta property=\"og:site_name\" content=\"Sunshine\" \/>\n<meta property=\"article:modified_time\" content=\"2020-10-07T20:20:27+00:00\" \/>\n<meta property=\"og:image\" content=\"https:\/\/sunshinesl.com\/wp-content\/uploads\/2020\/09\/01-01.jpg\" \/>\n\t<meta property=\"og:image:width\" content=\"1600\" \/>\n\t<meta property=\"og:image:height\" content=\"1200\" \/>\n\t<meta property=\"og:image:type\" content=\"image\/jpeg\" \/>\n<meta name=\"twitter:card\" content=\"summary_large_image\" \/>\n<script type=\"application\/ld+json\" class=\"yoast-schema-graph\">{\"@context\":\"https:\\\/\\\/schema.org\",\"@graph\":[{\"@type\":\"WebPage\",\"@id\":\"https:\\\/\\\/sunshinesl.com\\\/listing\\\/apartamento-tipo-1\\\/\",\"url\":\"https:\\\/\\\/sunshinesl.com\\\/listing\\\/apartamento-tipo-1\\\/\",\"name\":\"Appartement de type 01 - Sunshine\",\"isPartOf\":{\"@id\":\"https:\\\/\\\/sunshinesl.com\\\/#website\"},\"primaryImageOfPage\":{\"@id\":\"https:\\\/\\\/sunshinesl.com\\\/listing\\\/apartamento-tipo-1\\\/#primaryimage\"},\"image\":{\"@id\":\"https:\\\/\\\/sunshinesl.com\\\/listing\\\/apartamento-tipo-1\\\/#primaryimage\"},\"thumbnailUrl\":\"https:\\\/\\\/sunshinesl.com\\\/wp-content\\\/uploads\\\/2020\\\/09\\\/01-01.jpg\",\"datePublished\":\"2020-09-26T11:56:05+00:00\",\"dateModified\":\"2020-10-07T20:20:27+00:00\",\"breadcrumb\":{\"@id\":\"https:\\\/\\\/sunshinesl.com\\\/listing\\\/apartamento-tipo-1\\\/#breadcrumb\"},\"inLanguage\":\"fr-FR\",\"potentialAction\":[{\"@type\":\"ReadAction\",\"target\":[\"https:\\\/\\\/sunshinesl.com\\\/listing\\\/apartamento-tipo-1\\\/\"]}]},{\"@type\":\"ImageObject\",\"inLanguage\":\"fr-FR\",\"@id\":\"https:\\\/\\\/sunshinesl.com\\\/listing\\\/apartamento-tipo-1\\\/#primaryimage\",\"url\":\"https:\\\/\\\/sunshinesl.com\\\/wp-content\\\/uploads\\\/2020\\\/09\\\/01-01.jpg\",\"contentUrl\":\"https:\\\/\\\/sunshinesl.com\\\/wp-content\\\/uploads\\\/2020\\\/09\\\/01-01.jpg\",\"width\":1600,\"height\":1200},{\"@type\":\"BreadcrumbList\",\"@id\":\"https:\\\/\\\/sunshinesl.com\\\/listing\\\/apartamento-tipo-1\\\/#breadcrumb\",\"itemListElement\":[{\"@type\":\"ListItem\",\"position\":1,\"name\":\"Portada\",\"item\":\"https:\\\/\\\/sunshinesl.com\\\/fr\\\/\"},{\"@type\":\"ListItem\",\"position\":2,\"name\":\"Listings\",\"item\":\"https:\\\/\\\/sunshinesl.com\\\/listing\\\/\"},{\"@type\":\"ListItem\",\"position\":3,\"name\":\"Appartement de type 01\"}]},{\"@type\":\"WebSite\",\"@id\":\"https:\\\/\\\/sunshinesl.com\\\/#website\",\"url\":\"https:\\\/\\\/sunshinesl.com\\\/\",\"name\":\"Sunshine\",\"description\":\"Alquiler de viviendas vacacionales\",\"publisher\":{\"@id\":\"https:\\\/\\\/sunshinesl.com\\\/#organization\"},\"potentialAction\":[{\"@type\":\"SearchAction\",\"target\":{\"@type\":\"EntryPoint\",\"urlTemplate\":\"https:\\\/\\\/sunshinesl.com\\\/?s={search_term_string}\"},\"query-input\":{\"@type\":\"PropertyValueSpecification\",\"valueRequired\":true,\"valueName\":\"search_term_string\"}}],\"inLanguage\":\"fr-FR\"},{\"@type\":\"Organization\",\"@id\":\"https:\\\/\\\/sunshinesl.com\\\/#organization\",\"name\":\"SunshineSL\",\"url\":\"https:\\\/\\\/sunshinesl.com\\\/\",\"logo\":{\"@type\":\"ImageObject\",\"inLanguage\":\"fr-FR\",\"@id\":\"https:\\\/\\\/sunshinesl.com\\\/#\\\/schema\\\/logo\\\/image\\\/\",\"url\":\"https:\\\/\\\/sunshinesl.com\\\/wp-content\\\/uploads\\\/2021\\\/03\\\/w.png\",\"contentUrl\":\"https:\\\/\\\/sunshinesl.com\\\/wp-content\\\/uploads\\\/2021\\\/03\\\/w.png\",\"width\":224,\"height\":91,\"caption\":\"SunshineSL\"},\"image\":{\"@id\":\"https:\\\/\\\/sunshinesl.com\\\/#\\\/schema\\\/logo\\\/image\\\/\"}}]}<\/script>\n<!-- \/ Yoast SEO plugin. -->","yoast_head_json":{"title":"Appartement de type 01 - Sunshine","robots":{"index":"index","follow":"follow","max-snippet":"max-snippet:-1","max-image-preview":"max-image-preview:large","max-video-preview":"max-video-preview:-1"},"canonical":"https:\/\/sunshinesl.com\/listing\/apartamento-tipo-1\/","og_locale":"fr_FR","og_type":"article","og_title":"Appartement de type 01 - Sunshine","og_description":"Nos appartements, dont certains offrent une vue sur la mer, se situent sur la\u00a0Costa Blanca\u00a0dans la r\u00e9gion de Benidorm, Cala Finestrat, Albir et Altea. La distance qui les s\u00e9pare de la plage est comprise entre 80 et 700 m\u00e8tres. Ils peuvent \u00eatre lou\u00e9s en toutes saisons, m\u00eame pour une longue p\u00e9riode hivernale. Tous nos appartements [&hellip;]","og_url":"https:\/\/sunshinesl.com\/listing\/apartamento-tipo-1\/","og_site_name":"Sunshine","article_modified_time":"2020-10-07T20:20:27+00:00","og_image":[{"width":1600,"height":1200,"url":"https:\/\/sunshinesl.com\/wp-content\/uploads\/2020\/09\/01-01.jpg","type":"image\/jpeg"}],"twitter_card":"summary_large_image","schema":{"@context":"https:\/\/schema.org","@graph":[{"@type":"WebPage","@id":"https:\/\/sunshinesl.com\/listing\/apartamento-tipo-1\/","url":"https:\/\/sunshinesl.com\/listing\/apartamento-tipo-1\/","name":"Appartement de type 01 - Sunshine","isPartOf":{"@id":"https:\/\/sunshinesl.com\/#website"},"primaryImageOfPage":{"@id":"https:\/\/sunshinesl.com\/listing\/apartamento-tipo-1\/#primaryimage"},"image":{"@id":"https:\/\/sunshinesl.com\/listing\/apartamento-tipo-1\/#primaryimage"},"thumbnailUrl":"https:\/\/sunshinesl.com\/wp-content\/uploads\/2020\/09\/01-01.jpg","datePublished":"2020-09-26T11:56:05+00:00","dateModified":"2020-10-07T20:20:27+00:00","breadcrumb":{"@id":"https:\/\/sunshinesl.com\/listing\/apartamento-tipo-1\/#breadcrumb"},"inLanguage":"fr-FR","potentialAction":[{"@type":"ReadAction","target":["https:\/\/sunshinesl.com\/listing\/apartamento-tipo-1\/"]}]},{"@type":"ImageObject","inLanguage":"fr-FR","@id":"https:\/\/sunshinesl.com\/listing\/apartamento-tipo-1\/#primaryimage","url":"https:\/\/sunshinesl.com\/wp-content\/uploads\/2020\/09\/01-01.jpg","contentUrl":"https:\/\/sunshinesl.com\/wp-content\/uploads\/2020\/09\/01-01.jpg","width":1600,"height":1200},{"@type":"BreadcrumbList","@id":"https:\/\/sunshinesl.com\/listing\/apartamento-tipo-1\/#breadcrumb","itemListElement":[{"@type":"ListItem","position":1,"name":"Portada","item":"https:\/\/sunshinesl.com\/fr\/"},{"@type":"ListItem","position":2,"name":"Listings","item":"https:\/\/sunshinesl.com\/listing\/"},{"@type":"ListItem","position":3,"name":"Appartement de type 01"}]},{"@type":"WebSite","@id":"https:\/\/sunshinesl.com\/#website","url":"https:\/\/sunshinesl.com\/","name":"Sunshine","description":"Alquiler de viviendas vacacionales","publisher":{"@id":"https:\/\/sunshinesl.com\/#organization"},"potentialAction":[{"@type":"SearchAction","target":{"@type":"EntryPoint","urlTemplate":"https:\/\/sunshinesl.com\/?s={search_term_string}"},"query-input":{"@type":"PropertyValueSpecification","valueRequired":true,"valueName":"search_term_string"}}],"inLanguage":"fr-FR"},{"@type":"Organization","@id":"https:\/\/sunshinesl.com\/#organization","name":"SunshineSL","url":"https:\/\/sunshinesl.com\/","logo":{"@type":"ImageObject","inLanguage":"fr-FR","@id":"https:\/\/sunshinesl.com\/#\/schema\/logo\/image\/","url":"https:\/\/sunshinesl.com\/wp-content\/uploads\/2021\/03\/w.png","contentUrl":"https:\/\/sunshinesl.com\/wp-content\/uploads\/2021\/03\/w.png","width":224,"height":91,"caption":"SunshineSL"},"image":{"@id":"https:\/\/sunshinesl.com\/#\/schema\/logo\/image\/"}}]}},"_links":{"self":[{"href":"https:\/\/sunshinesl.com\/fr\/wp-json\/wp\/v2\/listings\/2715","targetHints":{"allow":["GET"]}}],"collection":[{"href":"https:\/\/sunshinesl.com\/fr\/wp-json\/wp\/v2\/listings"}],"about":[{"href":"https:\/\/sunshinesl.com\/fr\/wp-json\/wp\/v2\/types\/listing"}],"author":[{"embeddable":true,"href":"https:\/\/sunshinesl.com\/fr\/wp-json\/wp\/v2\/users\/1"}],"version-history":[{"count":2,"href":"https:\/\/sunshinesl.com\/fr\/wp-json\/wp\/v2\/listings\/2715\/revisions"}],"predecessor-version":[{"id":3797,"href":"https:\/\/sunshinesl.com\/fr\/wp-json\/wp\/v2\/listings\/2715\/revisions\/3797"}],"wp:featuredmedia":[{"embeddable":true,"href":"https:\/\/sunshinesl.com\/fr\/wp-json\/wp\/v2\/media\/2717"}],"wp:attachment":[{"href":"https:\/\/sunshinesl.com\/fr\/wp-json\/wp\/v2\/media?parent=2715"}],"wp:term":[{"taxonomy":"listing_type","embeddable":true,"href":"https:\/\/sunshinesl.com\/fr\/wp-json\/wp\/v2\/listing_type?post=2715"},{"taxonomy":"room_type","embeddable":true,"href":"https:\/\/sunshinesl.com\/fr\/wp-json\/wp\/v2\/room_type?post=2715"},{"taxonomy":"listing_amenity","embeddable":true,"href":"https:\/\/sunshinesl.com\/fr\/wp-json\/wp\/v2\/amenities?post=2715"},{"taxonomy":"listing_facility","embeddable":true,"href":"https:\/\/sunshinesl.com\/fr\/wp-json\/wp\/v2\/facilities?post=2715"},{"taxonomy":"listing_country","embeddable":true,"href":"https:\/\/sunshinesl.com\/fr\/wp-json\/wp\/v2\/listing_countries?post=2715"},{"taxonomy":"listing_state","embeddable":true,"href":"https:\/\/sunshinesl.com\/fr\/wp-json\/wp\/v2\/listing_states?post=2715"},{"taxonomy":"listing_city","embeddable":true,"href":"https:\/\/sunshinesl.com\/fr\/wp-json\/wp\/v2\/listing_cities?post=2715"},{"taxonomy":"listing_area","embeddable":true,"href":"https:\/\/sunshinesl.com\/fr\/wp-json\/wp\/v2\/listing_areas?post=2715"}],"curies":[{"name":"wp","href":"https:\/\/api.w.org\/{rel}","templated":true}]}}

<p>Nos appartements, dont certains offrent une vue sur la mer, se situent sur la <strong>Costa Blanca</strong> dans la région de Benidorm, Cala Finestrat, Albir et Altea. La distance qui les sépare de la plage est comprise entre 80 et 700 mètres.</p>
<p>Ils peuvent être loués en toutes saisons, même pour une longue période hivernale. Tous nos appartements disposent d’une piscine commune, certains sont également dotés d’un court de tennis ou de padel ou encore d’un terrain de golf.</p>

<p>Nos appartements, dont certains offrent une vue sur la mer, se situent sur la Costa Blanca dans la région de Benidorm, Cala Finestrat, Albir et Altea. La distance qui les sépare de la plage est comprise entre 80 et 700 mètres. Ils peuvent être loués en toutes saisons, même pour une longue période hivernale. Tous nos appartements [&hellip;]</p>

<!-- This site is optimized with the Yoast SEO plugin v27.3 - https://yoast.com/product/yoast-seo-wordpress/ -->
<title>Appartement de type 01 - Sunshine</title>
<meta name="robots" content="index, follow, max-snippet:-1, max-image-preview:large, max-video-preview:-1" />
<link rel="canonical" href="https://sunshinesl.com/listing/apartamento-tipo-1/" />
<meta property="og:locale" content="fr_FR" />
<meta property="og:type" content="article" />
<meta property="og:title" content="Appartement de type 01 - Sunshine" />
<meta property="og:description" content="Nos appartements, dont certains offrent une vue sur la mer, se situent sur la Costa Blanca dans la région de Benidorm, Cala Finestrat, Albir et Altea. La distance qui les sépare de la plage est comprise entre 80 et 700 mètres. Ils peuvent être loués en toutes saisons, même pour une longue période hivernale. Tous nos appartements [&hellip;]" />
<meta property="og:url" content="https://sunshinesl.com/listing/apartamento-tipo-1/" />
<meta property="og:site_name" content="Sunshine" />
<meta property="article:modified_time" content="2020-10-07T20:20:27+00:00" />
<meta property="og:image" content="https://sunshinesl.com/wp-content/uploads/2020/09/01-01.jpg" />
	<meta property="og:image:width" content="1600" />
	<meta property="og:image:height" content="1200" />
	<meta property="og:image:type" content="image/jpeg" />
<meta name="twitter:card" content="summary_large_image" />
<script type="application/ld+json" class="yoast-schema-graph">{"@context":"https:\/\/schema.org","@graph":[{"@type":"WebPage","@id":"https:\/\/sunshinesl.com\/listing\/apartamento-tipo-1\/","url":"https:\/\/sunshinesl.com\/listing\/apartamento-tipo-1\/","name":"Appartement de type 01 - Sunshine","isPartOf":{"@id":"https:\/\/sunshinesl.com\/#website"},"primaryImageOfPage":{"@id":"https:\/\/sunshinesl.com\/listing\/apartamento-tipo-1\/#primaryimage"},"image":{"@id":"https:\/\/sunshinesl.com\/listing\/apartamento-tipo-1\/#primaryimage"},"thumbnailUrl":"https:\/\/sunshinesl.com\/wp-content\/uploads\/2020\/09\/01-01.jpg","datePublished":"2020-09-26T11:56:05+00:00","dateModified":"2020-10-07T20:20:27+00:00","breadcrumb":{"@id":"https:\/\/sunshinesl.com\/listing\/apartamento-tipo-1\/#breadcrumb"},"inLanguage":"fr-FR","potentialAction":[{"@type":"ReadAction","target":["https:\/\/sunshinesl.com\/listing\/apartamento-tipo-1\/"]}]},{"@type":"ImageObject","inLanguage":"fr-FR","@id":"https:\/\/sunshinesl.com\/listing\/apartamento-tipo-1\/#primaryimage","url":"https:\/\/sunshinesl.com\/wp-content\/uploads\/2020\/09\/01-01.jpg","contentUrl":"https:\/\/sunshinesl.com\/wp-content\/uploads\/2020\/09\/01-01.jpg","width":1600,"height":1200},{"@type":"BreadcrumbList","@id":"https:\/\/sunshinesl.com\/listing\/apartamento-tipo-1\/#breadcrumb","itemListElement":[{"@type":"ListItem","position":1,"name":"Portada","item":"https:\/\/sunshinesl.com\/fr\/"},{"@type":"ListItem","position":2,"name":"Listings","item":"https:\/\/sunshinesl.com\/listing\/"},{"@type":"ListItem","position":3,"name":"Appartement de type 01"}]},{"@type":"WebSite","@id":"https:\/\/sunshinesl.com\/#website","url":"https:\/\/sunshinesl.com\/","name":"Sunshine","description":"Alquiler de viviendas vacacionales","publisher":{"@id":"https:\/\/sunshinesl.com\/#organization"},"potentialAction":[{"@type":"SearchAction","target":{"@type":"EntryPoint","urlTemplate":"https:\/\/sunshinesl.com\/?s={search_term_string}"},"query-input":{"@type":"PropertyValueSpecification","valueRequired":true,"valueName":"search_term_string"}}],"inLanguage":"fr-FR"},{"@type":"Organization","@id":"https:\/\/sunshinesl.com\/#organization","name":"SunshineSL","url":"https:\/\/sunshinesl.com\/","logo":{"@type":"ImageObject","inLanguage":"fr-FR","@id":"https:\/\/sunshinesl.com\/#\/schema\/logo\/image\/","url":"https:\/\/sunshinesl.com\/wp-content\/uploads\/2021\/03\/w.png","contentUrl":"https:\/\/sunshinesl.com\/wp-content\/uploads\/2021\/03\/w.png","width":224,"height":91,"caption":"SunshineSL"},"image":{"@id":"https:\/\/sunshinesl.com\/#\/schema\/logo\/image\/"}}]}</script>
<!-- / Yoast SEO plugin. -->

Nos appartements, dont certains offrent une vue sur la mer, se situent sur la Costa Blanca dans la région de Benidorm, Cala Finestrat, Albir et Altea. La distance qui les sépare de la plage est comprise entre 80 et 700 mètres. Ils peuvent être loués en toutes saisons, même pour une longue période hivernale. Tous nos appartements [&hellip;]
